ase 11.
2359a8a
What is 1bbef0 (base 16) in base 11?
1032178
-2362213 (base 7) to base 6
-10241051
Convert -299315 (base 14) to base 7.
-15203525
Convert -1243255 (base 6) to base 12.
-3352b
6afba (base 16) to base 6
13220414
Convert 1427bc2 (base 14) to base 3.
200101211112112
-2012112112 (base 3) to base 10
-43403
450853 (base 10) to base 12
198ab1
-43304351 (base 6) to base 5
-312042133
What is 2123334 (base 6) in base 11?
71532
What is -219c35 (base 14) in base 8?
-4264647
What is -15233400 (base 6) in base 15?
-a80d3
What is 416524 (base 11) in base 13?
1a4a63
Convert -100211133 (base 4) to base 7.
-402030
-3412334 (base 5) to base 8
-165670
Convert 5546513 (base 7) to base 11.
428058
Convert -b5519a (base 14) to base 5.
-3031402241
Convert -a880ab (base 13) to base 14.
-750b95
What is 16df5 (base 16) in base 15?
1cb5a
What is -6214133 (base 8) in base 9?
-3076012
Convert 101011001110011 (base 3) to base 7.
63564346
8b7b (base 14) to base 5
1233332
Convert -62640421 (base 7) to base 5.
-2323142323
Convert 70103 (base 11) to base 7.
605105
Convert 123143233 (base 6) to base 16.
248445
-284a47 (base 12) to base 5
-133000314
What is -399140 (base 10) in base 4?
-1201130210
What is -11a365 (base 13) in base 3?
-210110102222
Convert -11001011010000110 (base 2) to base 5.
-11312240
-303301 (base 13) to base 7
-12346105
Convert -5c (base 14) to base 3.
-10001
43802 (base 9) to base 8
70631
Convert -111001010110110000 (base 2) to base 5.
-30004203
What is 1ba431a (base 12) in base 14?
b07d30
-875c94 (base 14) to base 6
-242155214
Convert 11010001000110101111 (base 2) to base 3.
1121111220001
Convert -11954 (base 12) to base 10.
-23824
What is 2054533 (base 6) in base 8?
304771
-131506 (base 11) to base 13
-73248
-5525205 (base 6) to base 15
-56b3e
111101111010110110 (base 2) to base 9
425812
What is -1001101000100010101 (base 2) in base 3?
-121001000110
Convert -320322221 (base 4) to base 8.
-707251
Convert -57066 (base 10) to base 11.
-39969
Convert -1323121112 (base 4) to base 11.
-315812
Convert -144024405 (base 6) to base 12.
-1002105
What is 11112111121200 (base 3) in base 15?
3296a3
What is 111013011 (base 4) in base 16?
151c5
30404200 (base 5) to base 6
5145253
Convert -14721643 (base 8) to base 14.
-641467
-404a6 (base 13) to base 3
-12211211100
What is -b1b17 (base 12) in base 13?
-81451
Convert 100010001111010101000 (base 2) to base 5.
241400320
What is -9202641 (base 10) in base 7?
-141135600
-1134121 (base 6) to base 16
-e761
Convert 4728210 (base 10) to base 5.
2202300320
What is 12256 (base 13) in base 6?
414244
What is 32031103 (base 4) in base 6?
1125231
2956810 (base 10) to base 13
7c6abc
Convert -320304 (base 6) to base 13.
-bb06
What is 188cb2 (base 16) in base 9?
3021866
Convert 145bb9 (base 14) to base 16.
acbc7
What is 160744 (base 11) in base 6?
5204240
71362563 (base 8) to base 7
242030415
-36a9a (base 16) to base 10
-223898
What is -10101101022020 (base 3) in base 12?
-728a89
Convert 211101232032 (base 4) to base 3.
200101110112220
What is 2240667 (base 10) in base 12?
900823
-201252 (base 14) to base 6
-35042412
What is -47250 (base 11) in base 5?
-4140203
What is -1025353121 (base 6) in base 13?
-2348c08
Convert -3416643 (base 9) to base 3.
-10110120201110
Convert -12211122121200 (base 3) to base 13.
-848550
Convert -303566522 (base 7) to base 9.
-36350742
a54014 (base 12) to base 10
2598928
What is 6450846 (base 10) in base 8?
30467236
What is -32100113 (base 5) in base 13?
-95458
What is 21412031 (base 6) in base 12?
26a017
-8b59a8 (base 12) to base 3
-11012020100202
-2030140 (base 6) to base 4
-113233230
Convert 10344010 (base 6) to base 10.
309318
-2155320 (base 8) to base 12
-23b9a8
711a36 (base 13) to base 7
31240066
Convert -24c7bd (base 14) to base 6.
-43030455
Convert 322591 (base 12) to base 4.
3001122331
Convert -100100011110101 (base 2) to base 4.
-10203311
5b1074 (base 12) to base 8
5477030
Convert 6610066 (base 7) to base 9.
1462884
-3863206 (base 11) to base 9
-13534046
Convert -1523757 (base 9) to base 2.
-11001101101101110110
Convert -10600023 (base 7) to base 11.
-581576
Convert -3948443 (base 10) to base 14.
-74ad19
2310141 (base 6) to base 5
12233442
Convert -1425506 (base 8) to base 16.
-62b46
What is 1759e (base 16) in base 7?
545565
What is -3d608c (base 14) in base 4?
-20013320330
What is -18a228 (base 14) in base 3?
-1122100120002
What is 20001022112 (base 3) in base 6?
2315105
Convert 514775 (base 9) to base 16.
4a8cd
100011110001000 (base 2) to base 5
1041222
-c646 (base 15) to base 11
-29546
311102132 (base 4) to base 14
5978a
What is 13550533 (base 6) in base 2?
1110001101000111001
What is 13371557 (base 9) in base 15?
8a6037
-14ca672 (base 13) to base 10
-6677790
Convert -12428 (base 15) to base 4.
-32033021
-5061430 (base 7) to base 13
-18173b
Convert -1650615 (base 8) to base 15.
-971a4
What is 12001212010212 (base 3) in base 14?
501995
What is 1513500 (base 6) in base 14?
23d36
Convert 984 (base 15) to base 12.
12b1
-235701 (base 8) to base 15
-18e3d
-94b53 (base 14) to base 7
-3023333
What is 1000100101001111111111 (base 2) in base 5?
1033442402
23642477 (base 8) to base 13
10cb80b
30730 (base 13) to base 12
42361
-1000001100011110101101 (base 2) to base 7
-24155114
Convert 142b847 (base 14) to base 11.
5586a87
Convert 84985a (base 12) to base 16.
1fe586
What is 101002210100 (base 3) in base 6?
4132400
2241421010 (base 5) to base 10
5029505
-16203b7 (base 12) to base 4
-101033300323
What is 2924a9 (base 14) in base 10?
1427813
What is 111cd5 (base 14) in base 7?
4641255
Convert -7505b5 (base 12) to base 2.
-111000010110001011001
What is 544600 (base 10) in base 11?
342191
14421214 (base 5) to base 4
211232333
-3313322333 (base 4) to base 3
-1220120222122
Convert -2023377 (base 8) to base 15.
-a8481
What is 174756 (base 9) in base 4?
122133132
Convert -31113333 (base 5) to base 8.
-760412
What is bb004 (base 14) in base 13?
12b110
What is 30201230 (base 4) in base 8?
144154
What is 2312234 (base 7) in base 16?
468a1
10000110000010100110 (base 2) to base 16
860a6
What is 652470 (base 8) in base 14?
5985a
What is 4a754 (base 13) in base 11?
9430a
What is 541eb (base 16) in base 4?
1110013223
208049 (base 11) to base 9
556461
Convert 1100210201110 (base 3) to base 8.
2606706
What is -7ad567 (base 16) in base 10?
-8050023
What is -5745a (base 16) in base 8?
-1272132
What is -13045410 (base 6) in base 7?
-3423624
-111101001010100010101101 (base 2) to base 8
-75124255
What is -97230 (base 16) in base 11?
-393119
What is 2543206 (base 7) in base 16?
50956
What is -1615644 (base 10) in base 16?
-18a71c
Convert -42597f (base 16) to base 6.
-233110543
What is -110001111020 (base 3) in base 13?
-84006
Convert -11341244 (base 5) to base 3.
-12101011102
What is -1502145 (base 11) in base 9?
-4761545
What is 46a5a2 (base 15) in base 3?
20100112101022
11011001100010010010100 (base 2) to base 10
7128212
What is -1011211221101 (base 3) in base 14?
-124664
Convert -b57cc (base 16) to base 3.
-1101202201022
Convert -237aa (base 11) to base 15.
-a22c
What is 151263113 (base 7) in base 5?
10033034043
Convert 101a880 (base 11) to base 8.
6674570
-12021220220 (base 3) to base 5
-11313230
What is -222134022 (base 5) in base 16?
-eddb6
What is 6001227 (base 8) in base 6?
53420503
Convert 7a94d (base 16) to base 5.
112031333
441b4e (base 15) to base 8
14303544
What is -10340011 (base 5) in base 16?
-15f96
2352262 (base 7) to base 11
194341
Convert -2110211112011 (base 3) to base 2.
-101000001001010101010
What is -1e7a4 (base 16) in base 7?
-1026645
-263363 (base 8) to base 15
-1c361
-e3da1 (base 15) to base 11
-45345a
10011201010 (base 3) to base 4
33100101
34e35 (base 15) to base 10
168575
Convert 98282b (base 12) to base 3.
11112102220222
Convert 34248 (base 15) to base 8.
504005
54ba (base 15) to base 3
220121211
Convert -2333310 (base 4) to base 3.
-121211200
What is -8a78 (base 16) in base 14?
-ccc0
Convert 14765427 (base 8) to base 7.
40630611
843648 (base 9) to base 3
221110201122
64663054 (base 7) to base 12
1a2720a
Convert -138a228 (base 12) to base 6.
-215533252
What is -1232a71 (base 11) in base 3?
-11000210122011
7232171 (base 8) to base 4
13103101321
What is -158934 (base 10) in base 14?
-41cc6
